47699 composite?
False
Is 77327 a prime number?
False
Is 105047 a composite number?
True
Is 2723 a prime number?
False
Is 23741 prime?
True
Is 1167 a composite number?
True
Is 8059 composite?
False
Is 4328603 a prime number?
True
Is 51539 composite?
False
Is 7726 a prime number?
False
Is 4367 prime?
False
Is 7039 a composite number?
False
Is 10561 a prime number?
False
Is 25301 prime?
True
Is 2557 composite?
False
Is 3403 prime?
False
Is 213989 a prime number?
True
Is 249493 prime?
False
Is 98661 a prime number?
False
Is 1234909 a prime number?
False
Is 425471 a composite number?
False
Is 3403949 a prime number?
False
Is 240101 composite?
False
Is 13781 a prime number?
True
Is 2531167 a composite number?
False
Is 2017 composite?
False
Is 233 a prime number?
True
Is 447 a prime number?
False
Is 230599 a prime number?
False
Is 13649 a composite number?
False
Is 143093 prime?
True
Is 7291 a composite number?
True
Is 2217505 prime?
False
Is 55498 a composite number?
True
Is 1905863 prime?
True
Is 1591 prime?
False
Is 252227 a prime number?
False
Is 367 a prime number?
True
Is 170597 composite?
True
Is 357301 a composite number?
True
Is 13435 composite?
True
Is 468719 prime?
True
Is 1549501 composite?
False
Is 1035859 prime?
False
Is 1657 composite?
False
Is 68993 a prime number?
True
Is 70051 composite?
False
Is 8813 a prime number?
False
Is 993527 composite?
False
Is 100133 composite?
True
Is 1931 a composite number?
False
Is 21557 a composite number?
False
Is 9655 a prime number?
False
Is 28277 a prime number?
True
Is 523 prime?
True
Is 11341 a composite number?
True
Is 171671 a prime number?
True
Is 7369 prime?
True
Is 17377 prime?
True
Is 7529 composite?
False
Is 72749 prime?
False
Is 127871 a composite number?
True
Is 20831 composite?
True
Is 448421 a composite number?
False
Is 8207 a prime number?
False
Is 165059 prime?
True
Is 3113 prime?
False
Is 5557 composite?
False
Is 45817 composite?
False
Is 247447 prime?
False
Is 243169 a prime number?
False
Is 246067 composite?
True
Is 1035031 a composite number?
True
Is 106703 composite?
False
Is 106487 a prime number?
True
Is 200623 prime?
False
Is 1759 a prime number?
True
Is 36151 composite?
False
Is 24457 prime?
False
Is 4267 a composite number?
True
Is 19945 composite?
True
Is 1380543 composite?
True
Is 414131 prime?
True
Is 14519 composite?
False
Is 126683 a prime number?
True
Is 180701 a prime number?
True
Is 275051 a composite number?
True
Is 2733499 prime?
True
Is 58593 a prime number?
False
Is 143713 a composite number?
True
Is 8287 composite?
False
Is 335323 a prime number?
True
Is 2786305 a prime number?
False
Is 229373 a composite number?
False
Is 77611 a composite number?
False
Is 9731 a prime number?
False
Is 233593 a composite number?
True
Is 2411 prime?
True
Is 1105879 a composite number?
False
Is 3785 composite?
True
Is 197711 composite?
False
Is 3593 a prime number?
True
Is 2393 composite?
False
Is 352543 prime?
True
Is 325043 a composite number?
False
Is 1277 a composite number?
False
Is 473542 a composite number?
True
Is 145765 composite?
True
Is 757631 prime?
False
Is 95683 prime?
False
Is 25903 a composite number?
False
Is 235369 a composite number?
False
Is 51693 prime?
False
Is 151597 composite?
False
Is 5435 composite?
True
Is 80111 prime?
True
Is 37535 a prime number?
False
Is 31013 prime?
True
Is 42031 prime?
False
Is 244243 composite?
False
Is 10651 a composite number?
False
Is 60013 composite?
False
Is 128717 composite?
False
Is 7621 a composite number?
False
Is 265 prime?
False
Is 58727 prime?
True
Is 1243271 a composite number?
False
Is 5261 prime?
True
Is 223799 prime?
False
Is 431031 composite?
True
Is 50291 prime?
True
Is 325931 prime?
False
Is 298667 prime?
True
Is 697 prime?
False
Is 1652129 a composite number?
False
Is 177467 a composite number?
False
Is 194189 a prime number?
False
Is 451 a prime number?
False
Is 133243 a composite number?
True
Is 2573 a prime number?
False
Is 2018 a prime number?
False
Is 229841 a composite number?
False
Is 134099 composite?
True
Is 12457 prime?
True
Is 1500337 a prime number?
True
Is 123787 a composite number?
False
Is 389 composite?
False
Is 918601 a composite number?
True
Is 5273 a composite number?
False
Is 38689 prime?
False
Is 299267 prime?
False
Is 15727 a composite number?
False
Is 434177 a composite number?
True
Is 114371 a composite number?
False
Is 163169 composite?
False
Is 109715 a composite number?
True
Is 10517 a prime number?
False
Is 862769 prime?
True
Is 89501 prime?
True
Is 71161 a prime number?
True
Is 128813 a prime number?
True
Is 2129 a prime number?
True
Is 13343 prime?
False
Is 31177 composite?
False
Is 551927 a composite number?
False
Is 572951 prime?
False
Is 89234 a composite number?
True
Is 66881 prime?
False
Is 2171 a prime number?
False
Is 5647 a prime number?
True
Is 108167 composite?
True
Is 2833 a composite number?
False
Is 127481 prime?
True
Is 4583 a composite number?
False
Is 19031 prime?
True
Is 5839 a composite number?
False
Is 19661 composite?
False
Is 487 composite?
False
Is 32105 composite?
True
Is 31531 prime?
True
Is 10831 composite?
False
Is 58759 a prime number?
False
Is 167861 prime?
True
Is 4201 composite?
False
Is 1631 composite?
True
Is 80819 prime?
True
Is 44071 composite?
False
Is 1294957 composite?
False
Is 18254 composite?
True
Is 127 prime?
True
Is 119059 a prime number?
False
Is 409243 prime?
False
Is 467 prime?
True
Is 34841 a prime number?
True
Is 1337 a composite number?
True
Is 151799 composite?
False
Is 6079 prime?
True
Is 78661 prime?
False
Is 1026101 prime?
True
Is 10727 a prime number?
False
Is 12697 prime?
True
Is 539135 composite?
True
Is 9469 a composite number?
True
Is 7249 a composite number?
True
Is 111767 a prime number?
True
Is 36845 a prime number?
False
Is 11558 prime?
False
Is 170597 prime?
False
Is 11113 a composite number?
False
Is 426631 a composite number?
False
Is 12569 composite?
False
Is 749 composite?
True
Is 7763 prime?
False
Is 8699 a prime number?
True
Is 1649861 prime?
True
Is 4109 composite?
True
Is 851597 a prime number?
True
Is 223 composite?
False
Is 1804085 a prime number?
False
Is 1319 a prime number?
True
Is 144209 a prime number?
False
Is 145091 prime?
True
Is 13781 a composite number?
False
Is 122251 composite?
False
Is 439753 a prime number?
True
Is 2173 prime?
False
Is 47777 composite?
False
Is 205477 a composite number?
False
Is 71959 composite?
True
Is 6421 a prime number?
True
Is 2678359 a composite number?
False
Is 991403 a prime number?
False
Is 893591 a prime number?
True
Is 3967 a prime number?
True
Is 171254 a prime number?
False
Is 649361 prime?
True
Is 60181 composite?
True
Is 31877 a prime number?
False
Is 359621 composite?
False
Is 34781 a prime number?
True
Is 444274 a prime number?
False
Is 5911 composite?
True
Is 787453 a prime number?
False
Is 27361 composite?
False
Is 211151 a prime number?
True
Is 1657 prime?
True
Is 35591 a composite number?
False
Is 84049 a composite number?
True
Is 3989 a prime number?
True
Is 7799 a prime number?
False
Is 1397 a prime number?
False
Is 83329 prime?
False
Is 21677 a prime number?
False
Is 11887 a composite number?
False
Is 30043 composite?
True
Is 299 a composite number?
True
Is 90947 composite?
False
Is 5981 a composite number?
False
Is 88419 prime?
False
Is 78691 a composite number?
False
Is 495947 composite?
False
Is 509294 prime?
False
Is 16603 a composite number?
False
Is 2747 a prime number?
False
Is 17707 prime?
True
Is 781063 a prime number?
True
Is 1131241 prime?
False
Is 13901 prime?
True
Is 4717 composite?
True
Is 49391 a prime number?
True
Is 237851 prime?
True
Is 5847 composite?
True
Is 194899 prime?
True
Is 16921 prime?
True
Is 22009 a prime number?
False
Is 7649 a prime number?
True
Is 664337 prime?
False
Is 261753 composite?
True
Is 838739 composite?
True
Is 914777 a composite number?
False
Is 87595 a prime number?
False
Is 8101 a prime number?
True
Is 19597 composite?
False
Is 32909 prime?
True
Is 4327 a composite number?
False
Is 52807 a composite number?
False
Is 2706589 composite?
True
Is 28151 prime?
True
Is 159737 composite?
False
Is 5227 a composite number?
False
Is 2276761 prime?
False
Is 97013 prime?
False
Is 29621 prime?
False
Is 469907 composite